 66064?
True
Does 319 divide 2309599?
False
Is 147 a factor of 270774?
True
Does 80 divide 1094480?
True
Is 207582 a multiple of 43?
False
Is 31 a factor of 307356?
False
Is 679549 a multiple of 4?
False
Does 82 divide 4142886?
True
Is 740 a factor of 8016420?
True
Is 5940469 a multiple of 398?
False
Does 320 divide 7961654?
False
Is 33 a factor of 55440?
True
Is 170 a factor of 3315850?
True
Does 20 divide 40520?
True
Is 35 a factor of 156660?
True
Does 120 divide 2492640?
True
Is 24 a factor of 177751?
False
Does 11 divide 150225?
False
Does 32 divide 190269?
False
Is 103 a factor of 15172?
False
Does 476 divide 170112?
False
Is 67203 a multiple of 10?
False
Is 6017317 a multiple of 31?
True
Is 47 a factor of 401615?
True
Is 17 a factor of 1568981?
True
Does 432 divide 117826?
False
Does 5 divide 76633?
False
Is 21 a factor of 4219005?
True
Does 14 divide 313978?
True
Is 652 a factor of 4039140?
True
Does 55 divide 305195?
True
Does 465 divide 5951490?
False
Is 25 a factor of 74589?
False
Does 14 divide 153944?
True
Does 66 divide 56034?
True
Does 46 divide 79402?
False
Does 144 divide 1626912?
True
Does 170 divide 574770?
True
Is 4274721 a multiple of 138?
False
Does 226 divide 2336587?
False
Is 1437740 a multiple of 21?
False
Does 10 divide 160225?
False
Is 36855 a multiple of 63?
True
Does 9 divide 1134598?
False
Is 187 a factor of 482752?
False
Is 49 a factor of 328153?
True
Does 112 divide 10192?
True
Does 549 divide 1432890?
True
Is 1340545 a multiple of 370?
False
Does 9 divide 1169?
False
Is 133 a factor of 5150159?
True
Is 4011379 a multiple of 9?
False
Does 142 divide 82786?
True
Is 9958140 a multiple of 324?
True
Is 344990 even?
True
Does 486 divide 166698?
True
Does 135 divide 587925?
True
Is 13 a factor of 75203?
False
Does 31 divide 255409?
True
Does 77 divide 38420?
False
Does 238 divide 7024094?
True
Is 4089668 a multiple of 4?
True
Is 3 a factor of 2026448?
False
Is 802269 a multiple of 84?
False
Is 1341496 a multiple of 13?
True
Is 1352731 a multiple of 154?
False
Is 162909 a multiple of 21?
False
Is 7 a factor of 1081598?
True
Is 372090 a multiple of 485?
False
Is 3 a factor of 17484?
True
Does 657 divide 55845?
True
Is 11168 even?
True
Is 285 a factor of 89205?
True
Is 551740 a multiple of 14?
True
Does 6 divide 901534?
False
Is 10 a factor of 360018?
False
Does 79 divide 322683?
False
Does 53 divide 2731?
False
Is 7 a factor of 78070?
False
Does 233 divide 90534?
False
Is 159460 a multiple of 67?
True
Does 9 divide 220593?
False
Is 236 a factor of 1792420?
True
Does 796 divide 727544?
True
Is 18859 a multiple of 268?
False
Is 23 a factor of 151616?
True
Is 19 a factor of 249831?
True
Is 560784 a multiple of 336?
True
Does 6 divide 45648?
True
Is 2935586 a multiple of 3?
False
Is 203320 a multiple of 52?
True
Does 19 divide 52307?
True
Is 1569705 a multiple of 1135?
True
Does 4 divide 499466?
False
Is 39 a factor of 80855?
False
Is 12 a factor of 107872?
False
Is 170 a factor of 46975?
False
Is 138 a factor of 3401689?
False
Is 95 a factor of 23345395?
True
Is 1340457 a multiple of 126?
False
Is 219378 a multiple of 40?
False
Does 1348 divide 11030684?
True
Is 2805829 a multiple of 760?
False
Is 2262525 a multiple of 69?
False
Does 57 divide 407185?
False
Is 99 a factor of 113652?
True
Is 307979 a multiple of 36?
False
Is 137250 a multiple of 366?
True
Is 417230 a multiple of 19?
False
Is 2335800 a multiple of 229?
True
Is 242 a factor of 319682?
True
Is 99 a factor of 32727?
False
Is 9 a factor of 122472?
True
Does 217 divide 112526?
False
Does 5 divide 132930?
True
Does 692 divide 11674732?
True
Does 847 divide 10534139?
True
Is 1701229 a multiple of 5?
False
Is 4444656 a multiple of 116?
True
Is 371824 a multiple of 4?
True
Does 57 divide 203433?
True
Is 173219 a multiple of 142?
False
Is 440340 a multiple of 30?
True
Is 21937145 a multiple of 10?
False
Is 6 a factor of 15000?
True
Is 5411077 a multiple of 170?
False
Is 859467 a multiple of 21?
True
Does 8 divide 4565109?
False
Is 271 a factor of 632785?
True
Is 21 a factor of 173019?
True
Does 220 divide 15786367?
False
Is 3 a factor of 1619?
False
Is 4292442 a multiple of 14?
True
Is 27 a factor of 29626?
False
Is 24 a factor of 838608?
True
Does 755 divide 3664267?
False
Is 1397937 a multiple of 7?
False
Is 7 a factor of 38449?
False
Does 492 divide 16258140?
True
Does 24 divide 563713?
False
Is 4 a factor of 109139?
False
Does 17 divide 129183?
True
Does 2 divide 67203?
False
Does 477 divide 331605?
False
Is 118 a factor of 21768?
False
Does 3 divide 358404?
True
Is 11 a factor of 116149?
True
Is 3 a factor of 1106514?
True
Does 687 divide 674553?
False
Is 414 a factor of 2914103?
False
Is 32 a factor of 191136?
True
Does 40 divide 7463173?
False
Does 240 divide 822336?
False
Does 280 divide 80891?
False
Is 1293096 a multiple of 301?
True
Is 1168534 a multiple of 37?
True
Is 22 a factor of 259534?
True
Is 33780 a multiple of 13?
False
Is 225 a factor of 336825?
True
Is 846188 a multiple of 47?
True
Is 113810 a multiple of 189?
False
Is 16 a factor of 928143?
False
Does 79 divide 22064621?
True
Does 52 divide 470132?
True
Is 190817 a multiple of 11?
True
Is 307 a factor of 1190193?
False
Does 108 divide 2450844?
True
Is 2075742 a multiple of 18?
True
Is 15 a factor of 255153?
False
Is 183 a factor of 135311?
False
Is 74272 a multiple of 22?
True
Is 1343439 even?
False
Does 11 divide 365233?
True
Is 4 a factor of 990194?
False
Is 298 a factor of 3159098?
True
Is 12281752 a multiple of 1064?
True
Does 53 divide 633403?
True
Does 6 divide 269934?
True
Is 13 a factor of 43281?
False
Is 9025728 a multiple of 15?
False
Is 170 a factor of 10521878?
False
Is 268 a factor of 580265?
False
Is 4322460 a multiple of 915?
True
Does 261 divide 6273135?
True
Does 20 divide 466340?
True
Does 29 divide 95236?
True
Does 270 divide 194670?
True
Is 835000 a multiple of 668?
True
Does 10 divide 117320?
True
Is 188600 a multiple of 460?
True
Is 513033 a multiple of 129?
True
Does 16 divide 11871280?
True
Does 327 divide 4586?
False
Does 282 divide 10521420?
True
Is 488700 a multiple of 180?
True
Does 329 divide 3458498?
False
Is 2968890 a multiple of 1261?
False
Does 18 divide 236718?
True
Is 76 a factor of 3756528?
True
Is 15339 a multiple of 44?
False
Is 488 a factor of 121203?
False
Is 56742 a multiple of 31?
False
Is 13 a factor of 4533126?
True
Is 281339 a multiple of 108?
False
Is 40 a factor of 279000?
True
Is 210 a factor of 881290?
False
Does 1139 divide 433959?
True
Does 773 divide 10145625?
True
Is 588019 a multiple of 105?
False
Is 23 a factor of 882280?
True
Is 418 a factor of 1494768?
True
Does 5 divide 182259?
False
Does 65 divide 5182163?
False
Does 20 divide 211900?
True
Does 203 divide 322156?
False
Is 820 a factor of 1875340?
True
Is 8022 a multiple of 249?
False
Does 308 divide 1028104?
True
Is 658276 a multiple of 135?
False
Is 14789812 a multiple of 153?
False
Is 617596 a multiple of 161?
True
Does 28 divide 3178445?
False
Does 353 divide 71659?
True
Does 17 divide 4803137?
False
Is 138 a factor of 4737982?
False
Is 2872746 a multiple of 27?
True
Is 965872 a multiple of 68?
True
Is 1888138 a multiple of 6?
False
Is 124 a factor of 2523276?
True
Is 1164 a factor of 5487096?
True
Does 177 divide 2162815?
False
Does 11 divide 59885?
False
Is 1619053 a multiple of 18?
False
Is 16979600 a multiple of 200?
True
Is 7577995 a multiple of 41?
False
Is 364990 a multiple of 151?
False
Is 59 a factor of 797975?
True
Is 160 a factor of 1292276?
False
Is 388 a factor of 986737?
False
Is 11 a factor of 2205793?
False
Is 74 a factor of 3708066?
True
Is 1247145 a multiple of 235?
True
Does 170 divide 693600?
True
Is 6 a factor of 6714?
True
Is 193716 a multiple of 36?
True
Is 7696569 a multiple of 45?
False
Does 863 divide 5936799?
False
Is 721 a factor of 905964?
False
Is 728 a factor of 7469738?
False
Does 47 divide 38493?
True
Is 440082 a multiple of 414?
True
Is 2576040 a multiple of 10?
True
Does 12 divide 2273592?
True
Does 49 divide 246910?
False
Is 110 a factor of 257332?
False
Does 16 divide 453296?
True
Is 416 a factor of 667680?
True
Is 10421258 a multiple of 120?
False
Is 2 a factor of 64978?
True
Does 5 divide 716316?
False
Is 29 a factor of 331615?
True
Does 16 di